2921?
3, 19, 251
What are the prime factors of 32083?
32083
List the prime factors of 9222.
2, 3, 29, 53
List the prime factors of 3385.
5, 677
What are the prime factors of 66028?
2, 17, 971
What are the prime factors of 11107?
29, 383
What are the prime factors of 6636?
2, 3, 7, 79
List the prime factors of 5312.
2, 83
List the prime factors of 53099.
29, 1831
List the prime factors of 518.
2, 7, 37
What are the prime factors of 16353?
3, 23, 79
List the prime factors of 12724.
2, 3181
List the prime factors of 23371.
23371
List the prime factors of 1853.
17, 109
What are the prime factors of 38811?
3, 17, 761
What are the prime factors of 1899?
3, 211
List the prime factors of 3388.
2, 7, 11
What are the prime factors of 2352?
2, 3, 7
List the prime factors of 34798.
2, 127, 137
List the prime factors of 28314.
2, 3, 11, 13
What are the prime factors of 7142?
2, 3571
List the prime factors of 58989.
3, 7, 53
List the prime factors of 2147.
19, 113
List the prime factors of 44737.
7, 11, 83
What are the prime factors of 1092?
2, 3, 7, 13
List the prime factors of 56952.
2, 3, 7, 113
What are the prime factors of 128314?
2, 64157
List the prime factors of 64585.
5, 12917
List the prime factors of 35773.
83, 431
List the prime factors of 3952.
2, 13, 19
What are the prime factors of 464?
2, 29
List the prime factors of 1771.
7, 11, 23
What are the prime factors of 1792?
2, 7
List the prime factors of 2218.
2, 1109
What are the prime factors of 9482?
2, 11, 431
What are the prime factors of 2280?
2, 3, 5, 19
List the prime factors of 3960.
2, 3, 5, 11
List the prime factors of 22486.
2, 11243
What are the prime factors of 1091?
1091
What are the prime factors of 18823?
7, 2689
List the prime factors of 7495.
5, 1499
What are the prime factors of 35186?
2, 73, 241
List the prime factors of 13208.
2, 13, 127
List the prime factors of 50411.
50411
List the prime factors of 7278.
2, 3, 1213
What are the prime factors of 34168?
2, 4271
What are the prime factors of 1216?
2, 19
What are the prime factors of 1794?
2, 3, 13, 23
What are the prime factors of 11222?
2, 31, 181
What are the prime factors of 13275?
3, 5, 59
What are the prime factors of 37270?
2, 5, 3727
List the prime factors of 19729.
109, 181
What are the prime factors of 260?
2, 5, 13
What are the prime factors of 165799?
165799
List the prime factors of 5863.
11, 13, 41
What are the prime factors of 1086?
2, 3, 181
What are the prime factors of 2018?
2, 1009
What are the prime factors of 23516?
2, 5879
What are the prime factors of 40254?
2, 3, 6709
What are the prime factors of 36426?
2, 3, 13, 467
List the prime factors of 75962.
2, 19, 1999
List the prime factors of 949.
13, 73
What are the prime factors of 41261?
11, 31
What are the prime factors of 3588?
2, 3, 13, 23
What are the prime factors of 7303?
67, 109
List the prime factors of 726.
2, 3, 11
What are the prime factors of 837?
3, 31
What are the prime factors of 62709?
3, 20903
List the prime factors of 43.
43
List the prime factors of 87021.
3, 11, 293
What are the prime factors of 1230?
2, 3, 5, 41
What are the prime factors of 3179?
11, 17
What are the prime factors of 18213?
3, 13, 467
List the prime factors of 9557.
19, 503
What are the prime factors of 17715?
3, 5, 1181
List the prime factors of 2487.
3, 829
What are the prime factors of 16264?
2, 19, 107
List the prime factors of 1659.
3, 7, 79
What are the prime factors of 174767?
174767
List the prime factors of 5394.
2, 3, 29, 31
List the prime factors of 73949.
73, 1013
List the prime factors of 38471.
17, 31, 73
What are the prime factors of 3089?
3089
What are the prime factors of 6489?
3, 7, 103
What are the prime factors of 1020?
2, 3, 5, 17
List the prime factors of 3908.
2, 977
What are the prime factors of 69357?
3, 61, 379
List the prime factors of 1049.
1049
List the prime factors of 18342.
2, 3, 1019
What are the prime factors of 1402?
2, 701
What are the prime factors of 92998?
2, 46499
List the prime factors of 1485.
3, 5, 11
What are the prime factors of 28760?
2, 5, 719
List the prime factors of 69262.
2, 34631
List the prime factors of 8514.
2, 3, 11, 43
What are the prime factors of 4644?
2, 3, 43
List the prime factors of 112638.
2, 3, 18773
List the prime factors of 2976.
2, 3, 31
What are the prime factors of 6626?
2, 3313
List the prime factors of 670.
2, 5, 67
List the prime factors of 62196.
2, 3, 71, 73
List the prime factors of 1510.
2, 5, 151
List the prime factors of 3687.
3, 1229
What are the prime factors of 2932?
2, 733
List the prime factors of 354.
2, 3, 59
List the prime factors of 1956.
2, 3, 163
What are the prime factors of 7571?
67, 113
List the prime factors of 122381.
7, 17483
What are the prime factors of 1252?
2, 313
List the prime factors of 1722.
2, 3, 7, 41
List the prime factors of 545.
5, 109
List the prime factors of 3433.
3433
List the prime factors of 567.
3, 7
List the prime factors of 105724.
2, 26431
List the prime factors of 19314.
2, 3, 29, 37
List the prime factors of 10307.
11, 937
What are the prime factors of 3216?
2, 3, 67
List the prime factors of 16379.
11, 1489
List the prime factors of 112178.
2, 11, 5099
List the prime factors of 5428.
2, 23, 59
List the prime factors of 28325.
5, 11, 103
List the prime factors of 42792.
2, 3, 1783
List the prime factors of 26369.
7, 3767
List the prime factors of 792.
2, 3, 11
List the prime factors of 11558.
2, 5779
List the prime factors of 30796.
2, 7699
What are the prime factors of 8763?
3, 23, 127
What are the prime factors of 15863?
29, 547
List the prime factors of 102114.
2, 3, 31, 61
List the prime factors of 1404.
2, 3, 13
What are the prime factors of 208?
2, 13
List the prime factors of 1468.
2, 367
What are the prime factors of 53872?
2, 7, 13, 37
What are the prime factors of 366?
2, 3, 61
What are the prime factors of 30875?
5, 13, 19
List the prime factors of 204.
2, 3, 17
What are the prime factors of 29288?
2, 7, 523
List the prime factors of 18326.
2, 7, 11, 17
List the prime factors of 1765.
5, 353
What are the prime factors of 26768?
2, 7, 239
What are the prime factors of 170637?
3, 23, 2473
What are the prime factors of 554?
2, 277
What are the prime factors of 50706?
2, 3, 313
List the prime factors of 23686.
2, 13, 911
What are the prime factors of 47583?
3, 17, 311
What are the prime factors of 9759?
3, 3253
What are the prime factors of 12273?
3, 4091
What are the prime factors of 10158?
2, 3, 1693
List the prime factors of 2916.
2, 3
List the prime factors of 83554.
2, 41777
What are the prime factors of 91818?
2, 3, 5101
List the prime factors of 5130.
2, 3, 5, 19
What are the prime factors of 3061?
3061
List the prime factors of 8937.
3, 331
List the prime factors of 191.
191
List the prime factors of 82786.
2, 11, 53, 71
What are the prime factors of 117504?
2, 3, 17
What are the prime factors of 2233?
7, 11, 29
What are the prime factors of 16916?
2, 4229
What are the prime factors of 34125?
3, 5, 7, 13
What are the prime factors of 166?
2, 83
List the prime factors of 40795.
5, 41, 199
What are the prime factors of 3141?
3, 349
List the prime factors of 30814.
2, 7, 31, 71
What are the prime factors of 9243?
3, 13, 79
List the prime factors of 3196.
2, 17, 47
List the prime factors of 6830.
2, 5, 683
What are the prime factors of 3800?
2, 5, 19
List the prime factors of 3887.
13, 23
List the prime factors of 29260.
2, 5, 7, 11, 19
What are the prime factors of 1878?
2, 3, 313
List the prime factors of 206.
2, 103
What are the prime factors of 7060?
2, 5, 353
What are the prime factors of 10472?
2, 7, 11, 17
What are the prime factors of 138957?
3, 7, 13, 509
List the prime factors of 46596.
2, 3, 11, 353
What are the prime factors of 2616?
2, 3, 109
List the prime factors of 9739.
9739
What are the prime factors of 1603?
7, 229
List the prime factors of 1099.
7, 157
List the prime factors of 6710.
2, 5, 11, 61
What are the prime factors of 43359?
3, 97, 149
List the prime factors of 3146.
2, 11, 13
What are the prime factors of 109658?
2, 54829
What are the prime factors of 644?
2, 7, 23
List the prime factors of 3192.
2, 3, 7, 19
List the prime factors of 8611.
79, 109
What are the prime factors of 344?
2, 43
List the prime fa